 the units digit of 3 + 0 + (-9)/(-3)?
6
Let r = 2 - -3. Let i be 6/r*(-5)/(-2). What is the units digit of 0 + -1 + -1 + i?
1
Suppose 0*l + 5*l + 37 = 2*i, 3*i - 2*l = 61. Suppose -i = -4*o + 51. What is the units digit of 25/10*o/5?
9
Let j = -32 + 49. Let l = -3 + j. What is the units digit of l?
4
Let l(f) = -f + 12. Let j be l(12). Suppose j = -t + 19 + 15. Let c = t + -19. What is the tens digit of c?
1
Suppose 0 = 4*a - a - 27. What is the units digit of 2/3 - (-3)/a?
1
Suppose -2*z + 0 + 44 = 0. What is the tens digit of z?
2
Suppose 0 = -4*g + 5*i - 10*i + 49, 5*i - 25 = 0. What is the units digit of g?
6
Let l be 2/(-4) - (-3)/2. Suppose 0 = -3*f - 2 - l. What is the tens digit of -10*(4/f - -2)?
2
Let l = 4 + -6. Suppose 2*m + 24 = -0*m. Let g = l - m. What is the units digit of g?
0
Suppose -4*i = -2*i. Suppose i = -u - 4*u. Let b(g) = -g**3 - g**2 + g + 14. What is the tens digit of b(u)?
1
Suppose 0 = -5*c - 3 - 2. Let u(b) = 20*b**2 + 2*b + 1. What is the units digit of u(c)?
9
Let k be ((-10)/(-30))/(1/30). What is the tens digit of ((-16)/k)/((-12)/330)?
4
Let o = -30 + 82. What is the tens digit of o?
5
Suppose -2*p + 4*p = 8. Let k be p/18 + 129/27. Suppose 2*n - 1 = 2*c - k, 4*n + c - 7 = 0. What is the units digit of n?
1
Let c = 3 - -18. What is the units digit of c?
1
Suppose k + 2 = 4. Let v be (-5 + 138/24)/((-2)/(-8)). Suppose -k*w = 1 - v. What is the units digit of w?
1
Let s(j) = j + 2. Let r be s(5). Let g(n) = -n**3 + 8*n**2 - 6*n + 5. What is the tens digit of g(r)?
1
Let w(q) = -14*q - 2. Let z be w(-6). Let v = z - 35. Let d = v + -33. What is the tens digit of d?
1
Suppose 2*s = -g + 3*g + 2, -3*g + 1 = -s. Let z = 7 + g. Let b(t) = -t**2 + 10*t - 7. What is the units digit of b(z)?
9
Suppose -9 = -c - 2*c. Let q be (14/10 + -1)*-10. What is the units digit of (2/q)/(c/(-36))?
6
Suppose 3*s = s + 82. Let u = 73 - s. Let q = u + -23. What is the units digit of q?
9
Suppose -3*f = 2*x - 0*x + 7, 5*x - 3*f = -49. Let h = x + 17. What is the units digit of h?
9
Suppose 653 = 5*n + 2*t, -n = n - 2*t - 264. What is the units digit of n?
1
Let h(j) be the second derivative of -j**5/20 + j**4/3 + j**2 - 2*j. Let f be h(4). Suppose 2*p + 4 = z, f*z = p - 2*p + 3. What is the units digit of z?
2
Suppose 0 = 3*q + q - 16. Suppose 2*i = 4*h - h - 7, -2*h - q*i = 6. What is the units digit of h?
1
Suppose 7*r - r - 396 = 0. What is the units digit of r?
6
Let k(r) = r**3 + r**2 - 6*r**2 + 2 - r + 3*r. What is the tens digit of k(5)?
1
Let d(g) = 2*g**2 + g + 21. What is the hundreds digit of d(7)?
1
Let z = -3 - 3. Let p(v) be the first derivative of -v**2/2 - 4*v - 5. What is the units digit of p(z)?
2
Let p = -13 + 9. Let j(v) = v - 2*v - 5 + 3. What is the units digit of j(p)?
2
Suppose -h - 2*h = 228. Let q = 40 + h. What is the units digit of ((-4)/(-6))/((-8)/q)?
3
Let a(o) = -11*o**2 - 11*o - 1. Let g(q) = -5*q**2 - 6*q - 1. Let v(x) = -4*a(x) + 9*g(x). What is the units digit of v(-8)?
1
Suppose -u + 3*v - 5 = 8, 5*u = -2*v + 20. Suppose u*t - s - 19 = 0, 7*t = 2*t - 2*s + 25. What is the units digit of t?
7
Let z = 6 - 2. Let j(s) = -s**3 - 8*s**2 + 7*s - 9. Let q be j(-9). Suppose z*p = 11 + q. What is the units digit of p?
5
Let m = -20 - -45. Let r = m - 16. What is the units digit of r?
9
Suppose 9*i - 2*i - 126 = 0. What is the tens digit of i?
1
Let u = -43 + 26. Let r = u - -65. Suppose 5*j - r = 2*j. What is the tens digit of j?
1
Suppose 0 = -5*o - 25 + 115. Suppose 4*r + 2 = o. What is the units digit of r?
4
Let n = -3 + 5. Suppose n*j = -5*c - 6, 2*c - 2*j + 12 = -6*j. Suppose 3*a - 4 = -w + 5, -5*w - 3*a + 69 = c. What is the tens digit of w?
1
Let t(w) = -w**3 + 2*w**2 + w + 2. What is the units digit of t(2)?
4
Suppose 3*g = -4 - 8. Let p be g/(12/(-9))*1. Suppose 0 = p*a - 6 - 3. What is the units digit of a?
3
Let u = 18 - 15. Suppose u*p + 15 = 0, -2*o = -4*p - 99 + 9. What is the units digit of o?
5
Suppose 4*p - 780 = 2*w, 5*w - w - 563 = -3*p. What is the tens digit of p?
9
Let n = 49 - -76. What is the hundreds digit of n?
1
Let n(s) = s**2 - 6*s + 7. Let u be n(5). Suppose -3*t - 9 = y, -4*y - u*t + 8 = -t. What is the units digit of y?
3
Suppose -4*f - 23 = z, -z = -4*f - 2 - 23. What is the units digit of ((-4)/(-3))/((-2)/f)?
4
Let k(b) = b**3 + 3*b**2 - 2*b + 5. Let h be k(-4). What is the tens digit of 16 + (0/h)/(-2)?
1
Let k be (-34)/(-3) - (-2)/(-6). Suppose -2*z - 2*z = -4*x - 16, -2*z = -3*x - k. Let p(t) = 2*t**2 + t + 4. What is the units digit of p(x)?
9
Suppose 2*l = m - 0*m + 40, 3*m = l - 100. Let h = m + 61. What is the units digit of h?
9
Let d be (-1 - 0)/((-1)/7). Suppose -d = 5*q - 22. Suppose u + q*u = 28. What is the units digit of u?
7
Suppose 5*c + 74 = 7*c. What is the units digit of c?
7
What is the tens digit of (2/((-4)/(-42)))/1?
2
Let j be 18/(-15)*(-20)/6. Suppose -4*o + 51 - 1 = -z, -j*o - 3*z + 58 = 0. What is the tens digit of o?
1
Let t = 0 - 2. Let z = t - -7. Suppose 0*a - 60 = -z*a. What is the units digit of a?
2
Let d = 78 + 21. Suppose 0 = -5*n + d + 146. What is the tens digit of n?
4
Suppose -6*t - 72 = -8*t. What is the tens digit of t?
3
Let c = -2 + 5. Let w be (c + -2)/(2/(-10)). Let i(y) = -y**2 - 7*y - 1. What is the units digit of i(w)?
9
Suppose 4*u + 6*n - 2*n = -4, 5*u + 5 = 3*n. Let l be (0 + u - 12)*-1. Let h = -8 + l. What is the units digit of h?
5
Suppose -6 = -s - 2. Suppose -s = 4*f, 0*f + 3*f - 1 = -o. Suppose 2*b = -2*x + 4, 2*b - o*x - 4 + 0 = 0. What is the units digit of b?
2
Suppose -358 - 176 = -6*r. What is the units digit of r?
9
Let d = 15 + -83. What is the tens digit of d/6*6/(-4)?
1
Suppose 136 = -3*m + 7*m. Suppose 3*p = m + 59. What is the tens digit of p?
3
What is the tens digit of 32 + (0 - -2)*2?
3
Let j = 72 - 15. Suppose 0 = -4*f + j + 19. What is the units digit of f?
9
Let f = 38 - -90. What is the hundreds digit of f?
1
Suppose -4*d = -15 + 3. Suppose 4*v = -d*k - 4 - 2, -2*v - 6 = 3*k. What is the tens digit of -6*1/k - -10?
1
Let c = 41 + -9. What is the tens digit of c?
3
Let y be (-2)/(-3) - (-20)/15. What is the units digit of (40/(-8))/(y/(-4))?
0
What is the units digit of -4 + 6 + 30/1?
2
Let b(j) = 3*j**2 - 3*j**2 + 11 - 11*j + 0*j**2 + j**2. Let z be b(9). What is the units digit of (-5)/z + (-14)/(-49)?
1
Suppose -3*z - 3*u = 2*z - 9, 0 = 5*z - 5*u - 25. Let l = z + -12. What is the units digit of l/(-2) - (-3)/(-2)?
3
Suppose -5*b + 2*b = 0. Let m be (-1 - -8) + 1 + b. Let w = -5 + m. What is the units digit of w?
3
Let v = -298 - -431. What is the units digit of v?
3
Suppose f - 2*d = 9, 4 = -f - d - 2. Suppose 0*o = 3*o - 12. Let k = o - f. What is the units digit of k?
5
Let c(j) = 21*j**3 + 2*j**2 - j - 1. What is the units digit of c(1)?
1
What is the units digit of -27 + 167 + 1*-2?
8
Let r = 11 + -10. Let d = 59 - 35. Suppose 3*v - 2*q - d = 0, v - r = -3*q + 7. What is the units digit of v?
8
Let v = 104 + -98. What is the units digit of v?
6
Let t(j) = -2*j + 1. Let v be t(-1). Let l(h) = 2*h**3 - 2*h**2. What is the units digit of l(v)?
6
Let q(p) = 8*p**3 + 4*p**2 - 6*p + 5. What is the hundreds digit of q(3)?
2
Let x(w) = w**2 + 9*w + 10. Suppose -4*p + 38 = -90. Suppose -7*v - 2*g = -3*v + p, 2*v = -4*g - 16. What is the units digit of x(v)?
2
Let x be (-150)/(-35) - 4/14. Suppose -x*a + 0*f - 3*f = -20, -f - 10 = -2*a. What is the units digit of a?
5
What is the units digit of 22/(-44)*(0 + -46)?
3
Let f(w) = -w**2 + 9*w - 2. What is the units digit of f(8)?
6
Suppose 0 = -q - 5*q + 468. What is the tens digit of q?
7
Let m(j) = -8*j - 5. Suppose 2 = -t - 1. What is the units digit of m(t)?
9
Suppose 0 = 4*r - 0*r + 28. Let c = r + 21. What is the units digit of c?
4
Let w be 0*((-2)/(-4) - 0). What is the units digit of 3 - (1 + w + -3)?
5
Let u(z) = z**2 + z - 1. What is the tens digit of u(-4)?
1
Let v = -4 - -5. Suppose -v = -h + 4. Suppose -2*a + 3 = h*m - 8, -14 = m - 5*a. What is the units digit of m?
1
Let o be 7 + -2*(1 - 0). Suppose 3*h - 4 = w + 4, -w - 14 = -o*h. What is the units digit of h?
3
Let f(j) = -5*j + 5. Let m be f(-3). What is the units digit of m - ((-3)/(-1))/3?
9
What is the tens digit of 4/((-12)/(-81)) - -3?
3
Let n(a) = a**3 + 4*a**2 + a - 4. Let 